vided by 501.
499
Calculate the remainder when 22792 is divided by 225.
67
Calculate the remainder when 50229 is divided by 389.
48
What is the remainder when 1277 is divided by 456?
365
Calculate the remainder when 6298 is divided by 63.
61
What is the remainder when 23656 is divided by 1965?
76
Calculate the remainder when 905824 is divided by 669.
667
Calculate the remainder when 9021 is divided by 96.
93
What is the remainder when 2325 is divided by 344?
261
What is the remainder when 71333 is divided by 463?
31
Calculate the remainder when 9511 is divided by 178.
77
Calculate the remainder when 8597 is divided by 4292.
13
What is the remainder when 286348 is divided by 304?
284
Calculate the remainder when 25663 is divided by 118.
57
Calculate the remainder when 13091 is divided by 623.
8
Calculate the remainder when 139140 is divided by 50.
40
Calculate the remainder when 1606 is divided by 102.
76
What is the remainder when 1706 is divided by 33?
23
What is the remainder when 184859 is divided by 790?
789
What is the remainder when 53356 is divided by 121?
116
What is the remainder when 118681 is divided by 9889?
13
What is the remainder when 406209 is divided by 81241?
4
What is the remainder when 3769 is divided by 421?
401
Calculate the remainder when 21166 is divided by 3009.
103
Calculate the remainder when 2468463 is divided by 18.
15
Calculate the remainder when 40797 is divided by 16.
13
Calculate the remainder when 17342 is divided by 59.
55
What is the remainder when 81414 is divided by 27134?
12
Calculate the remainder when 15948 is divided by 23.
9
What is the remainder when 41776 is divided by 633?
631
Calculate the remainder when 17868 is divided by 8934.
0
What is the remainder when 36175 is divided by 133?
132
Calculate the remainder when 12422 is divided by 159.
20
What is the remainder when 94066 is divided by 23515?
6
Calculate the remainder when 1986 is divided by 1923.
63
Calculate the remainder when 880 is divided by 283.
31
Calculate the remainder when 4472 is divided by 569.
489
What is the remainder when 12221 is divided by 587?
481
What is the remainder when 271 is divided by 17?
16
What is the remainder when 704 is divided by 89?
81
What is the remainder when 7765 is divided by 1552?
5
What is the remainder when 837976 is divided by 30?
16
Calculate the remainder when 13832 is divided by 1973.
21
What is the remainder when 5383 is divided by 336?
7
Calculate the remainder when 690193 is divided by 267.
265
What is the remainder when 277 is divided by 50?
27
What is the remainder when 31228 is divided by 9?
7
Calculate the remainder when 699607 is divided by 248.
247
Calculate the remainder when 86865 is divided by 17368.
25
What is the remainder when 6771 is divided by 325?
271
Calculate the remainder when 105 is divided by 18.
15
What is the remainder when 769527 is divided by 137?
135
Calculate the remainder when 7515 is divided by 2437.
204
Calculate the remainder when 3977 is divided by 771.
122
What is the remainder when 1236 is divided by 570?
96
What is the remainder when 44927 is divided by 52?
51
Calculate the remainder when 2812 is divided by 688.
60
What is the remainder when 7548 is divided by 1884?
12
Calculate the remainder when 2547 is divided by 133.
20
Calculate the remainder when 369116 is divided by 123032.
20
What is the remainder when 711683 is divided by 65?
63
What is the remainder when 42591 is divided by 320?
31
What is the remainder when 58708 is divided by 43?
13
Calculate the remainder when 2488 is divided by 867.
754
What is the remainder when 70722 is divided by 50?
22
Calculate the remainder when 11135 is divided by 1214.
209
What is the remainder when 1780 is divided by 255?
250
Calculate the remainder when 3826 is divided by 347.
9
What is the remainder when 4475 is divided by 8?
3
What is the remainder when 3442 is divided by 1194?
1054
Calculate the remainder when 193925 is divided by 193916.
9
What is the remainder when 18499 is divided by 1093?
1011
What is the remainder when 5061 is divided by 1008?
21
Calculate the remainder when 17128 is divided by 170.
128
What is the remainder when 1406 is divided by 103?
67
Calculate the remainder when 20868 is divided by 221.
94
What is the remainder when 1567 is divided by 33?
16
Calculate the remainder when 304 is divided by 60.
4
Calculate the remainder when 7526 is divided by 41.
23
Calculate the remainder when 35637 is divided by 157.
155
What is the remainder when 83718 is divided by 644?
642
What is the remainder when 848 is divided by 369?
110
Calculate the remainder when 31516 is divided by 433.
340
What is the remainder when 1630 is divided by 58?
6
Calculate the remainder when 74988 is divided by 667.
284
Calculate the remainder when 651255 is divided by 2421.
6
Calculate the remainder when 8175 is divided by 997.
199
Calculate the remainder when 1559 is divided by 271.
204
What is the remainder when 48475 is divided by 96?
91
What is the remainder when 6216 is divided by 3070?
76
What is the remainder when 82742 is divided by 95?
92
What is the remainder when 111 is divided by 96?
15
What is the remainder when 4989 is divided by 4974?
15
What is the remainder when 3106 is divided by 773?
14
Calculate the remainder when 5532721 is divided by 21.
19
What is the remainder when 1817 is divided by 893?
31
What is the remainder when 9791008 is divided by 45?
43
What is the remainder when 7015 is divided by 200?
15
What is the remainder when 14468 is divided by 308?
300
What is the remainder when 164098 is divided by 119?
116
What is the remainder when 34557 is divided by 24?
21
What is the remainder when 36254 is divided by 79?
72
What is the remainder when 1433 is divided by 141?
23
What is the remainder when 154228 is divided by 11?
8
Calculate the remainder when 5142 is divided by 84.
18
Calculate the remainder when 7860 is divided by 7626.
234
Calculate the remainder when 109124 is divided by 36371.
11
What is the remainder when 543573 is divided by 116?
113
Calculate the remainder when 15842 is divided by 1303.
206
Calculate the remainder when 4448 is divided by 1477.
17
What is the remainder when 173460 is divided by 103?
8
Calculate the remainder when 3630 is divided by 372.
282
What is the remainder when 2640 is divided by 62?
36
Calculate the remainder when 37837 is divided by 9.
1
Calculate the remainder when 28406 is divided by 27834.
572
Calculate the remainder when 107015 is divided by 23.
19
What is the remainder when 102962 is divided by 34309?
35
Calculate the remainder when 4738 is divided by 2239.
260
What is the remainder when 40870 is divided by 262?
260
Calculate the remainder when 54559 is divided by 6817.
23
What is the remainder when 51943 is divided by 17165?
448
What is the remainder when 31554 is divided by 5715?
2979
Calculate the remainder when 51 is divided by 34.
17
Calculate the remainder when 15933 is divided by 111.
60
What is the remainder when 117151 is divided by 13?
8
Calculate the remainder when 76474 is divided by 23.
22
Calculate the remainder when 32787 is divided by 1093.
1090
Calculate the remainder when 29939 is divided by 96.
83
What is the remainder when 33740 is divided by 1053?
44
Calculate the remainder when 1032 is divided by 337.
21
Calculate the remainder when 9800 is divided by 1207.
144
Calculate the remainder when 195582 is divided by 145.
122
What is the remainder when 67751 is divided by 2336?
7
Calculate the remainder when 84688 is divided by 1728.
16
Calculate the remainder when 1558 is divided by 20.
18
Calculate the remainder when 94746 is divided by 1583.
1349
Calculate the remainder when 3832 is divided by 297.
268
What is the remainder when 986 is divided by 95?
36
What is the remainder when 699 is divided by 363?
336
Calculate the remainder when 3424 is divided by 1046.
286
Calculate the remainder when 9129 is divided by 3016.
81
What is the remainder when 5421 is divided by 2698?
25
What is the remainder when 19675 is divided by 2459?
3
What is the remainder when 3356 is divided by 137?
68
What is the remainder when 1500 is divided by 32?
28
Calculate the remainder when 63521 is divided by 4884.
29
Calculate the remainder when 4489 is divided by 640.
9
Calc